ns digit of 628?
2
What is the tens digit of 2628?
2
What is the tens digit of 4755?
5
What is the tens digit of 23182?
8
What is the hundreds digit of 182?
1
What is the hundreds digit of 3838?
8
What is the tens digit of 9845?
4
What is the ten thousands digit of 87810?
8
What is the units digit of 286?
6
What is the ten thousands digit of 17068?
1
What is the hundreds digit of 14813?
8
What is the hundreds digit of 388?
3
What is the units digit of 18709?
9
What is the hundreds digit of 1186?
1
What is the tens digit of 200?
0
What is the units digit of 241?
1
What is the tens digit of 3736?
3
What is the thousands digit of 2806?
2
What is the hundreds digit of 81614?
6
What is the units digit of 7611?
1
What is the thousands digit of 51214?
1
What is the tens digit of 125?
2
What is the tens digit of 644?
4
What is the units digit of 23508?
8
What is the tens digit of 886?
8
What is the units digit of 791?
1
What is the tens digit of 52416?
1
What is the units digit of 5482?
2
What is the tens digit of 2980?
8
What is the tens digit of 256?
5
What is the thousands digit of 4770?
4
What is the hundreds digit of 7337?
3
What is the units digit of 14738?
8
What is the hundreds digit of 122153?
1
What is the thousands digit of 105028?
5
What is the tens digit of 1019?
1
What is the units digit of 50180?
0
What is the units digit of 18798?
8
What is the units digit of 2243?
3
What is the units digit of 5905?
5
What is the tens digit of 3462?
6
What is the tens digit of 21095?
9
What is the hundreds digit of 8674?
6
What is the tens digit of 9658?
5
What is the tens digit of 62?
6
What is the thousands digit of 16008?
6
What is the tens digit of 626?
2
What is the hundreds digit of 56370?
3
What is the hundreds digit of 1161?
1
What is the thousands digit of 2987?
2
What is the ten thousands digit of 36682?
3
What is the hundreds digit of 611?
6
What is the tens digit of 62214?
1
What is the thousands digit of 26439?
6
What is the tens digit of 1420?
2
What is the thousands digit of 54986?
4
What is the units digit of 4190?
0
What is the thousands digit of 8218?
8
What is the tens digit of 19259?
5
What is the units digit of 5968?
8
What is the thousands digit of 1696?
1
What is the thousands digit of 13902?
3
What is the tens digit of 1442?
4
What is the units digit of 1036?
6
What is the hundreds digit of 16879?
8
What is the thousands digit of 9784?
9
What is the ten thousands digit of 36770?
3
What is the units digit of 489?
9
What is the tens digit of 1510?
1
What is the units digit of 3101?
1
What is the tens digit of 3965?
6
What is the tens digit of 10356?
5
What is the tens digit of 956?
5
What is the hundreds digit of 4604?
6
What is the thousands digit of 20488?
0
What is the hundreds digit of 7573?
5
What is the thousands digit of 1457?
1
What is the tens digit of 53993?
9
What is the units digit of 123?
3
What is the ten thousands digit of 32741?
3
What is the thousands digit of 38308?
8
What is the units digit of 681?
1
What is the hundreds digit of 582?
5
What is the ten thousands digit of 23126?
2
What is the thousands digit of 51870?
1
What is the ten thousands digit of 74569?
7
What is the units digit of 584?
4
What is the thousands digit of 4356?
4
What is the units digit of 4569?
9
What is the units digit of 8334?
4
What is the ten thousands digit of 47824?
4
What is the tens digit of 53003?
0
What is the units digit of 13424?
4
What is the tens digit of 9670?
7
What is the thousands digit of 2515?
2
What is the units digit of 3552?
2
What is the units digit of 32?
2
What is the units digit of 919?
9
What is the thousands digit of 80226?
0
What is the tens digit of 136?
3
What is the tens digit of 764?
6
What is the tens digit of 7016?
1
What is the tens digit of 5248?
4
What is the hundreds digit of 101?
1
What is the thousands digit of 1137?
1
What is the thousands digit of 4988?
4
What is the hundreds digit of 14938?
9
What is the hundreds digit of 496?
4
What is the hundreds digit of 36165?
1
What is the hundreds digit of 6191?
1
What is the tens digit of 5141?
4
What is the tens digit of 1161?
6
What is the tens digit of 103?
0
What is the ten thousands digit of 20249?
2
What is the hundreds digit of 15518?
5
What is the hundreds digit of 2787?
7
What is the thousands digit of 3602?
3
What is the thousands digit of 95873?
5
What is the thousands digit of 3066?
3
What is the thousands digit of 9523?
9
What is the hundreds digit of 1139?
1
What is the hundreds digit of 16588?
5
What is the thousands digit of 1520?
1
What is the tens digit of 1051?
5
What is the units digit of 8161?
1
What is the tens digit of 49969?
6
What is the hundreds digit of 74448?
4
What is the hundreds digit of 58780?
7
What is the thousands digit of 2252?
2
What is the tens digit of 9637?
3
What is the units digit of 38513?
3
What is the ten thousands digit of 43803?
4
What is the hundreds digit of 1275?
2
What is the units digit of 37998?
8
What is the hundreds digit of 58773?
7
What is the tens digit of 1028?
2
What is the units digit of 3670?
0
What is the hundreds digit of 36255?
2
What is the thousands digit of 2630?
2
What is the units digit of 5941?
1
What is the thousands digit of 1185?
1
What is the thousands digit of 1192?
1
What is the units digit of 4910?
0
What is the thousands digit of 87610?
7
What is the units digit of 7942?
2
What is the hundreds digit of 1745?
7
What is the thousands digit of 7442?
7
What is the units digit of 2327?
7
What is the tens digit of 1640?
4
What is the tens digit of 7196?
9
What is the hundreds digit of 8746?
7
What is the thousands digit of 1191?
1
What is the tens digit of 27306?
0
What is the units digit of 46623?
3
What is the hundreds digit of 7744?
7
What is the hundreds digit of 248?
2
What is the hundreds digit of 254?
2
What is the hundreds digit of 53852?
8
What is the hundreds digit of 3268?
2
What is the tens digit of 7499?
9
What is the hundreds digit of 111947?
9
What is the tens digit of 895?
9
What is the thousands digit of 4793?
4
What is the thousands digit of 91529?
1
What is the units digit of 2233?
3
What is the units digit of 9948?
8
What is the thousands digit of 1457?
1
What is the thousands digit of 5143?
5
What is the hundreds digit of 69494?
4
What is the ten thousands digit of 76275?
7
What is the units digit of 1269?
9
What is the hundreds digit of 32107?
1
What is the tens digit of 31150?
5
What is the thousands digit of 2709?
2
What is the hundreds digit of 387?
3
What is the tens digit of 192?
9
What is the thousands digit of 2077?
2
What is the units digit of 6848?
8
What is the hundreds digit of 27726?
7
What is the tens digit of 19371?
7
What is the units digit of 13601?
1
What is the units digit of 17070?
0
What is the hundreds digit of 2284?
2
What is the tens digit of 11736?
3
What is the hundreds digit of 64283?
2
What is the units digit of 78?
8
What is the tens digit of 5403?
0
What is the tens digit of 62032?
3
What is the hundreds digit of 5257?
2
What is the thousands digit of 1021?
1
What is the tens digit of 100?
0
What is the thousands digit of 17733?
7
What is the thousands digit of 46068?
6
What is the units digit of 1167?
7
What is the tens digit of 2930?
3
What is the hundreds digit of 804?
8
What is the units digit of 1410?
0
What is the thousands digit of 1414?
1
What is the units digit of 22515?
5
What is the hundreds digit of 85276?
2
What is the hundreds digit of 110823?
8
What is the thousands digit of 1438?
1
What is the tens digit of 737?
3
What is the hundreds digit of 14326?
3
What is the units digit of 2014?
4
What is the tens digit of 331?
3
What is the thousands digit of 78961?
8
What is the tens digit of 143?
4
What is the hundreds digit of 4851?
8
What is the hundreds digit of 56717?
7
What is the tens digit of 1296?
9
What is the hundreds digit of 15947?
9
What is the tens digit of 4568?
6
What is the units digit of 1231?
1
What is the units digit of 81947?
7
What is the tens digit of 16872?
7
What is the hundreds digit of 281?
2
What is the units digit of 1574?
4
What is the thousands digit of 5396?
5
What is the hundreds digit of 155?
1
What is the tens digit of 22150?
5
What is the tens digit of 851?
5
What is the ten thousands 